ative of -n**3 + 1/2*n**2 - 1 + 0*n + 1/24*n**4. Let a(r) be the second derivative of d(r). What is a(0)?
-6
Let u = -56 + 54. Let k(g) = -3*g. Calculate k(u).
6
Let z(o) = -6 + 2*o**3 - 6*o**2 + o**2 - o - 3*o**3. Let l be 0/(1 + 0) + -4. Let f be ((-30)/(-24))/(1/l). Determine z(f).
-1
Let g = 1 - -1. Let f(a) = -5*a - 3. Let t(y) = -3 + 7 + 6*y + 0. Let k(i) = -5*f(i) - 4*t(i). Determine k(g).
1
Let x be (-65)/10 + 1/(-2). Let k(g) = g**2 + 7*g + 7. Calculate k(x).
7
Let r(p) be the first derivative of -17*p**4/4 + 2*p**3/3 + p**2/2 - 15. Give r(-1).
18
Let y(q) = -q + 2. Let o be y(-1). Let u(l) = 8*l + 4 - 6*l - 1 - 5. Calculate u(o).
4
Let n(y) be the second derivative of -y**4/12 + 7*y**3/6 - y**2/2 - y. Give n(5).
9
Let p(o) = o**3 + 5*o**2 + 2. Let x(g) = -g**2 + 4*g**3 - 6*g**3 - 3*g**3 + g. Let b be 4/2*(-2)/(-4). Let s be x(b). What is p(s)?
2
Let j(y) be the third derivative of y**4/24 - y**3/6 + 2*y**2. Let i(q) = -5*q + 5. Let n(s) = 2*i(s) + 9*j(s). What is n(2)?
-1
Let n(x) = x**2 - 3. Suppose -3*v = -2*v. Suppose v = -2*l - l + 9. What is n(l)?
6
Let j(i) = 3*i + 2. Let o(a) = 2*a + 1. Let b(u) = -3*j(u) + 4*o(u). Let l(s) = 2*s + 0 - s + 1. Let g(k) = 2*b(k) + 5*l(k). Calculate g(-2).
-5
Suppose 3*u + 10 = -2*u. Let q(w) = -1 + w**2 + w**3 + 4*w**2 - 4*w**2. Calculate q(u).
-5
Let y(f) be the second derivative of 0*f**2 - 1/3*f**3 - f + 0. Let z(b) = -b**2 + 6*b + 5. Let m be z(6). Calculate y(m).
-10
Let t(v) = -2*v + 2. Suppose u - 8 = -u. Give t(u).
-6
Let c(d) = -2*d - 3. Suppose 0 = 3*i + 9 + 24. Let f(z) = -3*z + 5. Let x(m) = 16*m - 24. Let g(l) = i*f(l) - 2*x(l). Let h be g(5). Calculate c(h).
1
Let i(x) = -2*x. Let p(r) = -r**3 + 3*r**2 + 2. Suppose -2*v - 2 = -4. Let m be ((-3)/9)/(v/(-9)). Let o be p(m). What is i(o)?
-4
Let a(s) = -s**2 - 3. Let d(r) = -r**2 + r - 3. Let u(x) = -5*a(x) + 6*d(x). Determine u(5).
2
Let r = -5 - -2. Let f(z) = 6*z - 4. Let m(b) = -3*b - 2 + 8*b + 1 - 2. Let u(a) = 2*f(a) - 3*m(a). Calculate u(r).
10
Let i(q) be the third derivative of q**6/120 - q**5/10 - 5*q**4/24 + 4*q**3/3 + q**2 + 14. What is i(7)?
22
Let h(b) = b**3 + 2*b**2 - b + 4. Let k be 2/((-15)/9 + 1). What is h(k)?
-2
Suppose 3*r = -3*w - 18, -30 = 5*w - 0*r - 4*r. Let d(s) = s**3 + 5*s**2 - 5*s + 7. What is d(w)?
1
Let v(h) = h**2 - 2*h - 5. Let o(p) be the third derivative of p**5/30 - p**4/8 - 2*p**3/3 + p**2. Let k be o(3). Give v(k).
10
Let r(j) be the third derivative of -j**5/60 + j**4/8 - j**3/3 - 11*j**2. What is r(4)?
-6
Let x(r) = -2*r**3 + 11*r**2 - 4*r - 1. Let q be x(5). Let m(g) = -3*g + 1. Give m(q).
-11
Let r(v) be the third derivative of -v**6/120 + v**5/15 - v**4/8 + v**3 + 3*v**2. What is r(4)?
-6
Let w(u) = -4*u. Let k be w(-2). Let s(j) = k - j + 2*j - 9 - 4*j**2. Let f(o) = o - 6. Let z be f(7). Calculate s(z).
-4
Let a(b) = 8*b + 1. Let q(s) = 7*s + 1. Let d(r) = -6*a(r) + 7*q(r). Let k(w) = -w - 4. Let p(h) = -3*d(h) - k(h). Determine p(2).
-3
Let w be ((-5)/(-3))/(2 + (-21)/9). Let l(i) be the second derivative of -1/2*i**2 + 1/3*i**4 + i + 1/20*i**5 + 0 - 5/6*i**3. Give l(w).
-1
Let i(h) = -h**2 + 5*h - 2. Let d(v) be the first derivative of v**4/4 + 8*v**3/3 + 3*v**2 - 4*v - 7. Let j be d(-7). Give i(j).
4
Let u(t) = -t**2 - 2*t + 2. Let f = -5 - -13. Suppose 0*n - 4*n + 2*d = -16, 4*n + 2*d = f. Suppose 3*l = -5*k + 10, -2 = -4*k + 3*k + n*l. What is u(k)?
-6
Let d(q) = -77 + q + 35 + 37 + 0*q. What is d(5)?
0
Let i(c) = -c + 2. Let s be -2 - (-3 + (-3)/(-1)). Let g(r) = -r. Let o(a) = -a**2 + a - 2. Let u(b) = 6*g(b) + o(b). Let q be u(s). Give i(q).
-2
Let c be (-24)/(-18)*(-3)/(-2). Suppose -2*z + 6 = c. Let v(j) = 4*j**3 - 25*j**2 - 9. Let n(g) = -g**3 + 6*g**2 + 2. Let p(k) = z*v(k) + 9*n(k). Give p(4).
0
Let g(l) be the second derivative of -l**4/6 - l**3/3 - l**2 - 16*l. What is g(-2)?
-6
Let r(s) = 3*s - 76. Let g be r(25). Let l(h) = 7*h - 1. Give l(g).
-8
Let l(d) = -d**3 + 4*d**2 + 5*d + 5. Let r be l(5). Let b(g) = -g**2 - r*g + 10*g + 0*g**2 + 7. Let z = 13 - 8. Give b(z).
7
Let u(n) = -3*n**2. Let g be u(1). Let j = g - -5. Let a(b) = -b**3 - 2 + 0*b**2 - 4*b**2 + b**j - b. Determine a(-2).
-4
Let t(l) = -8*l - 23. Let h(n) = 3*n + 8. Let m(b) = -11*h(b) - 4*t(b). Give m(6).
-2
Let c be (2 - 1)/((-3)/(-9)). Let o(a) = -a**3 + 6*a**2 - a + 6. Let b be o(6). Let y be b/c + -1 + 2. Let z(p) = -p + 1. Determine z(y).
0
Let s(n) be the first derivative of 2*n**3/3 - 2*n + 90. Let i(j) = -j**3 - 4*j**2 + 1. Let g be i(-4). Let b be (-1)/(g/4) + 2. Give s(b).
6
Suppose x - 3 = -1. Let o be ((-24)/(-20))/(x/(-5)). Let q(n) = n**3 + 3*n**2 + 2*n - 3. Give q(o).
-9
Suppose -3*k - 3*p - 6 = 0, 0 = k - 7*p + 11*p + 17. Let h(x) = -3*x**3 - 3 + 2*x**3 + 4*x - x + 2*x**2. What is h(k)?
-3
Let u(f) = 6*f**3 + 2*f + 1. Let c be (-2)/6 - 34/(-3). Let n = c - 12. What is u(n)?
-7
Suppose 2*r - 13 + 5 = 0. Let s(b) be the first derivative of -b**3/3 + 5*b**2/2 - 2*b - 1. Determine s(r).
2
Let i(q) = 5*q**3 + 3*q**2 - q - 11. Let m = 10 + -7. Let z(f) = -2*f - 2*f**2 + 6 - 2*f**3 + 3*f - f**m + 0*f**3. Let o(n) = 4*i(n) + 7*z(n). Give o(-3).
-2
Let a(h) = -h**2 + 5*h. Let s be 284/(-4) + (0 - -1). Let t be ((-2)/(-4))/((-7)/s). Determine a(t).
0
Let d = 7 + -1. Let f be d/(-27) + 4/18. Let q(v) = v**3 - v + 3. Calculate q(f).
3
Let a be (14 + -13)/(1 - 12/14). Let h(o) = o**3 - 7*o**2 + 2*o - 3. What is h(a)?
11
Let r(p) = -8*p**2. Let c(o) = o**2 - 4*o - 6. Let j be c(5). What is r(j)?
-8
Let y be 4/(-5)*15/(-6). Let z(d) = -2*d - 5*d**y + 0*d - 1 + 0*d. Suppose 0*s = s + 1. Give z(s).
-4
Let k(z) be the first derivative of -z**4/24 + z**3/2 - 3*z**2 + 5. Let g(p) be the second derivative of k(p). Calculate g(7).
-4
Let n be 3/(-2) + 195/30. Let t(r) = -r**2 + 7*r + 3. What is t(n)?
13
Let b(j) be the first derivative of j**3/3 + j**2/2 - 2*j + 13. What is b(-2)?
0
Suppose -4*m - 5*q + 28 = 0, 2*m + 18 = m + 5*q. Suppose 0*f - f + m = 0. Let v(t) = 2*t**2 - 2*t - 2. Determine v(f).
2
Let m(i) = -i + 20. Let r(v) = v - 20. Let a(x) = 5*m(x) + 4*r(x). Calculate a(9).
11
Let m(d) be the second derivative of -d**3/3 - 3*d**2/2 - d. Determine m(-6).
9
Suppose 0 = -3*r + 3*h, 0 = 4*r - 5*h + 2 - 1. Let o(u) = -1 + 6 - u**2 - r - 1. Suppose 0 = -x - 2*t - 1, -4*x = 3*t - 6. Calculate o(x).
-6
Suppose -3*u = -4*f + 71, 0 = -u + 3. Suppose 3*p + p + f = 0. Let r(k) = k**3 + 4*k**2 - 6*k - 5. Determine r(p).
0
Let j(l) = l**2 + 5*l + 1. Let g(i) = -5*i**2 - 25*i - 5. Let v(d) = -2*g(d) - 11*j(d). Let h be ((-10)/6)/(2/6). Determine v(h).
-1
Let a(o) be the third derivative of o**4/24 + 2*o**3/3 + 4*o**2. Calculate a(-6).
-2
Let h(l) = -l**2 + 11*l - 4. Let q(g) = -4*g**2 + 0*g**2 - 5 + g**2 + 12*g + 2*g**2. Let f(t) = 3*h(t) - 2*q(t). Give f(4).
18
Suppose 3*z - 21 = -0*z. Suppose z = -n + 3. Let g(i) = -i**3 - 5*i**2 - 2*i + 1. Calculate g(n).
-7
Let p(z) = -7 + z + 0*z + 3*z - 3*z. Determine p(5).
-2
Let n(w) = -5*w**2 + 2*w + 2. Let y be ((-15)/(-6))/(2/(-4)). Let q = 7 + y. Calculate n(q).
-14
Let i(v) = v**3 - 4*v**2 - 2*v + 1. Let c be (-4 + 1)/(7/(-7)). Suppose 2*j + 22 = -5*p, 4*p + 0*j + 12 = 4*j. Let n be p*(-2)/(c - 1). What is i(n)?
-7
Let o = 14 + -10. Let w = o - 4. Let b(h) = -h**3 - h**2 - h - 3. Determine b(w).
-3
Let c = 5 + 1. Let a be -2*9/(-12)*2. Let i(b) = 2 - 6 + 2*b - a. What is i(c)?
5
Let w be 3 - 1/2*-2. Let b = 6 - w. Let l(r) = -2 + 9*r + b*r - r**2 - 12*r. Give l(-3).
-8
Let r be ((-1)/(-8))/(5/20)*0. Let n(l) = -l**3 + l**2 + l + 8. Determine n(r).
8
Let r(v) = 2*v**3 - 3*v**2 - v + 2. Let z(d) = 3*d**2 - 1. Let f be z(1). Determine r(f).
4
Let v(b) be the first derivative of b**4/4 + 7*b**3/3 - b**2/2 - 7*b - 8. Let f(w) = 8*w**3 - w. Let h be f(-1). Give v(h).
0
Let u(m) = -m**2 + 7*m - 7. Let g be u(6). Let d be 0*(2 - 1) - g. Let j(x) = 6*x - 5 + 5. Calculate j(d).
6
Let f(v) = -v**3 - 5*v**2 + 2*v + 4. Let b = -47 + 80. Suppose t = -2*t + 5*p - 1, -33 = -t - 5*p. Suppose t - b = 5*x. What is f(x)?
-6
Suppose -2 = 4*g - 5*g - 2*t, 4*g = -2*t + 20. Let u(c) = -c**2 + 6*c + 6. What is u(g)?
6
Let z = 5 + -8. Let a(w) = -2*w - 6. Let m(q) = q - 1. Let n(s) = a(s) - 3*m(s). What is n(z)?
12
Let w(i) = -i - 3. Let n(c) = c**2 + c + 3. Let f be n(-4). Suppose f = -0*x + 3